+ 168341. Determine q(-690).
-19
Let d(f) = 699*f - 2291. Calculate d(2).
-893
Let z(o) = 6*o**2 + 714*o + 12529. What is z(-18)?
1621
Let n(a) = 3*a**2 - 1774*a + 22762. Determine n(13).
207
Let j(s) = 8*s**2 + 955*s + 2407. What is j(-115)?
-1618
Let t(j) = 11451*j + 744316. Give t(-65).
1
Let z(a) = -33*a**2 + 5240*a - 74490. What is z(143)?
13
Let k(r) = -4*r**2 - 79*r - 18. Give k(6).
-636
Let h(z) = -z**3 + 9*z**2 - 866*z + 5126. Calculate h(6).
38
Let x(z) = -3*z**3 - 13*z**2 + 61*z + 5. Calculate x(4).
-151
Let b(c) = -258*c - 2096. Give b(-8).
-32
Let g(b) = -2*b**2 - 325*b + 8679. Determine g(27).
-1554
Let k(t) = -t**3 + 425*t**2 - 3513*t - 6363. What is k(10)?
7
Let b(f) = -370*f + 24120. Calculate b(67).
-670
Let x(w) = -4017*w**2 - 4032*w. Give x(-1).
15
Let b(g) = -3*g**2 - 145*g - 3495. Give b(-35).
-2095
Let b(g) = -g**3 + 1235*g**2 - 4945*g + 77. What is b(4)?
-7
Let z(y) = y**3 + 8*y**2 + 710*y + 4961. Calculate z(-7).
40
Let p(n) = -2*n**2 + 102*n - 789. Determine p(42).
-33
Let p(t) = 42124*t - 463330. Determine p(11).
34
Let f(h) = -h**2 - 2417*h + 75891. Calculate f(31).
3
Let y(t) = 90219*t - 2706563. Determine y(30).
7
Let m(k) = 5*k**3 + 8*k**2 - 41*k + 13. Give m(5).
633
Let m(k) = 2*k**3 + 93*k**2 - 309*k - 19982. Calculate m(-45).
-2
Let h(p) = -113*p**2 - 675*p + 23. What is h(-6)?
5
Let y(n) = 2*n**3 + 18*n**2 - 2*n - 202. Give y(-7).
8
Let t(m) = -75*m - 2210. Calculate t(-4).
-1910
Let y(g) = -g**3 - 319*g**2 + 22752*g - 738. Give y(60).
-18
Let c(u) = 7*u**3 - 2*u**2 - 11*u + 438. Give c(0).
438
Let v(z) = z**3 + 60*z**2 - 685*z + 1. What is v(10)?
151
Let j(p) = p**2 - 550865*p + 4406854. Determine j(8).
-2
Let f(l) = 980*l + 60930. Calculate f(-62).
170
Let l(s) = s**3 + 270*s**2 - 820*s - 318. Give l(-273).
-45
Let o(b) = -911*b**3 - 12752*b**2 + 25*b + 3. Give o(-14).
45
Let u(g) = -256723*g - 3080687. Give u(-12).
-11
Let t(j) = -j**3 + 7*j**2 + 147*j - 823. Determine t(6).
95
Let g(d) = 22*d**2 + 209*d + 2363. Give g(-11).
2726
Let k(w) = 23360*w + 116785. What is k(-5)?
-15
Let p(v) = -4*v**2 - 417*v + 35142. Calculate p(-159).
321
Let v(q) = 1259*q**2 + 13854*q + 64. What is v(-11)?
9
Let p(y) = -y**3 + 173*y**2 + 767*y - 10997. Calculate p(177).
-554
Let x(k) = 51215*k - 973111. Determine x(19).
-26
Let r(l) = 5791*l - 735462. What is r(127)?
-5
Let u(v) = 28*v**2 + 330*v + 853. Calculate u(-8).
5
Let u(l) = -l**2 + 4468*l + 4. Determine u(0).
4
Let m(d) = 5*d**3 - 16*d**2 - 27*d + 52. Calculate m(-2).
2
Let y(n) = 4732*n + 33293. What is y(-7)?
169
Let s(p) = -441183*p - 3970684. What is s(-9)?
-37
Let a(t) = 8*t**2 + 968*t - 9359. Determine a(-130).
1
Let w(f) = -85934*f - 343652. Give w(-4).
84
Let w(j) = 176*j**2 - 674*j + 440. Calculate w(3).
2
Let m(t) = -470629*t + 7059472. What is m(15)?
37
Let w(m) = 2*m**3 + 30*m**2 + 21*m + 2317. Calculate w(-18).
-5
Let v(r) = -3*r**2 + 3102*r - 12407. What is v(4)?
-47
Let m(r) = -786769*r - 4720608. Determine m(-6).
6
Let g(s) = s**2 - 5000*s - 35007. Determine g(-7).
42
Let z(q) = 81*q**2 - 338*q - 1. Determine z(2).
-353
Let y(p) = -7*p + 71. Give y(-2).
85
Let n(i) = -1022*i**2 - 134902*i + 267. Determine n(-132).
3
Let a(c) = -3*c**3 - 145*c**2 - 64*c - 925. Determine a(-48).
-157
Let n(l) = -3*l**2 - 25*l + 1390. What is n(-26)?
12
Let j(r) = r**2 - 3106*r + 434964. Calculate j(147).
-9
Let r(s) = 7*s**2 - 1725*s - 2608. Calculate r(246).
-3346
Let h(v) = -4*v**3 + 184*v**2 - 226*v + 16. Calculate h(45).
-2054
Let u(c) = -2*c**2 - 178*c - 1677. Calculate u(-10).
-97
Let p(a) = 13761*a - 54885. Determine p(4).
159
Let o(f) = -f**3 + 59*f**2 - 652*f - 5974. Give o(28).
74
Let j(s) = 4*s**2 - 692*s - 109188. What is j(273)?
12
Let d(x) = -2*x**3 + 6*x**2 + 86*x + 29. What is d(-5)?
-1
Let p(y) = 6*y**2 - 6883*y + 41192. Determine p(6).
110
Let w(n) = -101*n**3 + 2*n**2 - 147*n + 147. Determine w(1).
-99
Let g(l) = l**2 - 340*l - 6607. What is g(-19)?
214
Let n(m) = -13*m**2 + 811*m + 10488. Determine n(-11).
-6
Let g(p) = -4*p**3 - 156*p**2 + 733*p - 185. Give g(4).
-5
Let i(s) = 54268*s - 705487. What is i(13)?
-3
Let a(l) = 3*l**2 + 1188*l + 8183. Determine a(-7).
14
Let z(g) = 2*g**3 - 67*g**2 - 615*g - 49. Give z(41).
-49
Let j(q) = -8297*q - 671847. What is j(-81)?
210
Let b(t) = -81*t**2 - 1950*t - 154. Calculate b(-24).
-10
Let k(m) = -4*m**3 - 241*m**2 + 689*m - 336. Give k(-63).
-84
Let h(f) = -3192962*f + 15964817. What is h(5)?
7
Let w(c) = -c**2 - 711*c - 46591. Calculate w(-73).
-17
Let m(z) = -4*z**2 - 62601*z - 563095. What is m(-9)?
-10
Let b(l) = -60*l + 54. What is b(2)?
-66
Let c(s) = 2*s**2 + 83*s - 2642. What is c(-64)?
238
Let m(x) = x**2 + 232*x - 37008. What is m(-341)?
161
Let w(v) = -45*v**2 - 186*v + 272. Determine w(-5).
77
Let l(h) = 78*h**3 + h**2 - 207*h - 413. Determine l(-2).
-619
Let f(q) = 18*q**2 - 147*q - 39. Determine f(9).
96
Let t(i) = 2*i**3 + 20*i**2 + 1680*i + 16791. Give t(-10).
-9
Let v(l) = 17700*l - 247789. Determine v(14).
11
Let f(w) = -2*w**3 - 7*w - 520. Calculate f(0).
-520
Let m(y) = 7*y**3 - 150*y**2 + 100*y - 4178. Calculate m(22).
-42
Let p(i) = 443*i + 2141. What is p(-4)?
369
Let b(l) = 2651*l + 874702. Give b(-330).
-128
Let y(x) = -1209*x**2 - 12095*x - 110. Determine y(-10).
-60
Let u(p) = p**2 - 783*p + 151104. Give u(438).
-6
Let p(x) = 1859*x + 35917. Give p(-20).
-1263
Let l(d) = 26658*d + 2265911. Determine l(-85).
-19
Let h(y) = 447*y - 14260. Give h(32).
44
Let y(p) = -173*p + 1772. Calculate y(4).
1080
Let j(h) = 2928*h + 11432. What is j(-4)?
-280
Let c(i) = 492*i - 37833. Calculate c(77).
51
Let c(h) = h**3 + 275*h**2 - 3423*h - 941313. What is c(-275)?
12
Let w(z) = -205*z**2 + 511*z + 1564. What is w(-3)?
-1814
Let a(q) = -102591*q + 102601. Give a(1).
10
Let d(j) = -j**2 + 20*j + 143. What is d(9)?
242
Let k(d) = 3*d**3 - 19*d**2 + 34*d + 225. Calculate k(7).
561
Let s(d) = -9*d**3 + 128*d**2 - 631*d + 1. Give s(6).
-1121
Let j(s) = -21125*s + 1056250. Give j(50).
0
Let x(b) = b**2 + 69*b - 1301. Give x(17).
161
Let f(j) = 3*j**2 + 2723*j + 603680. Determine f(-385).
0
Let g(o) = 43*o**2 + 1280*o - 7526. Give g(5).
-51
Let a(c) = -c**2 - 509*c + 212436. What is a(272)?
4
Let w(q) = -218*q - 41321. Calculate w(-189).
-119
Let p(d) = -8*d**2 + 63*d - 135. Calculate p(9).
-216
Let y(q) = 4610*q - 41482. Calculate y(9).
8
Let u(b) = 5*b**3 + 77*b**2 + 15*b - 238. What is u(-15)?
-13
Let j(l) = -4*l**3 + 762*l**2 - 366*l - 2594. What is j(190)?
66
Let x(w) = -w**2 + 158*w - 7370. Determine x(70).
-1210
Let n(f) = 38*f**2 + 7*f - 53. What is n(-2)?
85
Let r(f) = 791*f + 18222. Calculate r(-23).
29
Let p(k) = 3*k**2 - 8624*k - 103769. Calculate p(-12).
151
Let q(r) = -2*r**3 - 234*r**2 - 473*r - 1580. Determine q(-115).
-85
Let t(x) = x**3 - 14*x**2 + 100*x - 247. Give t(6).
65
Let b(y) = -4*y**3 + 96*y**2 - 56*y - 263. Determine b(23).
565
Let m(k) = 5*k**2 - 288*k - 1834. What is m(-6)?
74
Let d(w) = 2*w**2 - 4118*w - 66420. Determine d(-16).
-20
Let t(d) = d - 378. What is t(134)?
-244
Let f(x) = -6*x**2 + 140*x + 107. What is f(24)?
11
Let q(j) = -16*j**3 + 3280*j**2 + j - 84. What is q(205)?
121
Let o(u) = u**2 - 15908*u + 222523. Determine o(14).
7
Let f(d) = d**3 + 715*d**2 - 4272*d - 229. What is f(6)?
95
Let t(w) = 4069*w**2 + 28559*w + 534. What is t(-7)?
2
Let u(r) = 39*r**2 + 520*r + 1207. Give u(-12).
583
Let b(w) = -6131*w - 62257. Calculate b(-10).
-947
Let s(g) = g**3 - 201*g**2 - 1456*g + 53. What is s(208)?
53
Let g(b) = -3*b**2 - 1801*b + 23883. Determine g(13).
-37
Let a(w) = -39*w**2 + 1351*w + 227. Determine a(35).
-263
Let a(d) = 403*d**2 - 1408*d - 748. What is a(4)?
68
Let m(u) = -185*u - 43. Determine m(1).
-228
Let d(v) = 3*v**3 - 1502*v**2 + 14242*v - 1366. What is d(491)?
107
Let m(h) = -4*h**2 + 8963*h - 53620. Calculate m(6).
14
Let z(k) = 35*k**2 + 3213*k + 2638. Determine z(-91).
90
Let f(t) = 4*t**3 + 68*t**2 + 269*t + 5. What is f(-11)?
-50
Let f(c) = -c**3 - 113*c**2 - 3118*c - 19. Calculate f(-65).
-149
Let l(t) = -t**3 - 102*t**2 + 436*t + 12457. What is l(-105)?
-248
Let k(c) = -200*c**3 + 3*c**2 - 7*c - 24. Give k(-2).
1602
Let c(z) = 4*z**2 + 6571*z - 39445. Determine c(6).
125
Let p(l) = -951*l + 4997. Calculate p(12).
-6415
Let h(k) = -689